1 - -80 - 4*1. Calculate the greatest common factor of v and p.
11
Let f be 8 - 0 - (0 - -3). Suppose -715 = -5*a + s, s + s = f*a - 715. Calculate the greatest common factor of a and 13.
13
Suppose -675 = -4*y + 5*i + 1103, -5*i = 10. What is the highest common divisor of y and 26?
26
Suppose 5*c = 47 + 18. Let d = 94 + -81. What is the highest common divisor of d and c?
13
Let y be (9/(-27))/(2/(-72)). Let t be 36/(-14)*(-112)/24. What is the highest common divisor of y and t?
12
Suppose 212*k + 3*a = 211*k + 59, -142 = -3*k - 2*a. What is the highest common factor of 836 and k?
44
Suppose 3*k - 37 = -5*c, -c + 6*c = -5. Let v(a) = a + 4. Let i be v(-4). Suppose 0 = 3*j - i*j - 63. Calculate the highest common factor of k and j.
7
Let q = 3 + 2. Let b = 244 + -149. What is the greatest common factor of b and q?
5
Let j = 77 + -53. Let a be (-868)/(-24) + (-530)/(-60) + -9. What is the greatest common factor of j and a?
12
Let l(j) = -3*j - 4*j + 34 + j + 5*j. Let r be l(0). Let i = -33 + 50. Calculate the highest common divisor of i and r.
17
Suppose -2037 = -10*u + 363. Calculate the highest common factor of 144 and u.
48
Let d(a) = -a**3 - a**2 + 2*a - 30. Let k be d(0). Let y be -16*65/k + (-2)/3. Calculate the highest common divisor of 119 and y.
17
Let i be ((-31)/(-3) + -7)*18. What is the highest common divisor of i and 420?
60
Suppose -7*v - 4 = -39. Suppose 5*t = -v*c + 55, -2*t = 4*c - 44 - 10. Calculate the greatest common divisor of 24 and c.
8
Suppose -742*g + 726*g + 224 = 0. Calculate the highest common divisor of g and 6.
2
Let c(v) = -v**3 - 11*v**2 + 7*v + 12. Let l be c(-12). Let j be (l/(-54))/((-2)/60). Calculate the highest common divisor of j and 280.
40
Let x be (-3 - -1)*(4 + (-136)/4). What is the highest common divisor of x and 380?
20
Suppose 2*l + 86 = -62. Let g = -38 - l. What is the highest common divisor of 4 and g?
4
Suppose -2*k + 0*k = -216. Let b be (16 + 4)*(-180)/(-150). What is the highest common divisor of b and k?
12
Let g be ((-6)/(-8) + (-6)/8)/(-1). Suppose -10*w + 13*w - 30 = g. Calculate the greatest common factor of w and 25.
5
Let w = -44 + 242. Suppose -4*f + 70*z - 74*z + 104 = 0, -5*f + 4*z + 94 = 0. Calculate the greatest common divisor of w and f.
22
Let y be 6/(-9)*(-7 + 2 + 2). Suppose -3*w + y*f + 61 = -417, -1 = -f. What is the highest common divisor of 10 and w?
10
Let s(n) = -2*n**3 - 3*n**2 - n - 4. Let y be s(-4). Calculate the highest common divisor of 32 and y.
16
Suppose 2*m + 0 = 4. Let l be 60/(-36) - 10/(-6). Suppose y - m + l = 0, 3*y - 54 = -3*w. What is the greatest common divisor of 2 and w?
2
Suppose 2*j + 0*g + 2*g + 46 = 0, -22 = j + 2*g. Let r be 836/32 - (-3)/j. Suppose 0 = 2*u - 563 - 9. Calculate the greatest common divisor of u and r.
26
Suppose -15 = -0*g - g. Suppose 0 = 4*f - 5*f + 5*d + g, 4*f = d + 60. Calculate the highest common factor of f and 120.
15
Let o(b) be the third derivative of -7*b**6/60 - b**5/30 - b**4/6 - b**3/3 - 32*b**2. Let s be o(-1). Calculate the highest common divisor of s and 2.
2
Let n(m) = m**2 - m - 14. Let w be n(8). Let i be 2/7 - (-542)/14. Let k = i - 18. What is the highest common divisor of w and k?
21
Let p = 17 - 10. Let n(v) = 15*v - 6. Let z be n(p). Let r be z - -2*(-2)/(-4). Calculate the greatest common factor of r and 20.
20
Suppose -5*l - 9 = -4*n + 3*n, -4*l = 5*n - 45. Suppose 5*r = -24 + n. Let v be r/6 - (-62)/4. What is the greatest common divisor of v and 15?
15
Let t = -17 + 20. Let p be t/(6*2/44). Let d(j) = -j**3 + 11*j**2 + 2*j - 2. Let v be d(p). Calculate the highest common factor of v and 2.
2
Let t(z) = 22*z - 6. Let g be t(6). Let c = 84 - g. Let d = 107 + c. What is the greatest common factor of 13 and d?
13
Let a be 39/2*240/72. Calculate the greatest common factor of 65 and a.
65
Suppose 0 = 5*q + 19 - 69. What is the highest common divisor of q and 45?
5
Suppose 0 = 3*u - 71 + 53. Calculate the highest common factor of u and 15.
3
Let r = -528 + 672. What is the greatest common divisor of r and 54?
18
Let c = 369 + -215. Suppose n = -2*t + 6*t - 84, 82 = 3*t + 4*n. What is the greatest common factor of t and c?
22
Let y = -397 - -469. What is the highest common divisor of y and 99?
9
Suppose -5*h = 2*l - l - 48, -h + 24 = 5*l. Let w = 91 - 60. Let z = w + -25. What is the highest common factor of z and h?
3
Let q(g) = -24*g - 195. Let z be q(-19). What is the highest common factor of z and 29?
29
Suppose v = 5 - 1. Suppose h = -0*h + v*d + 3, 2*h = -5*d + 19. Suppose -5*x + 20 = 0, -5*a - 2*x + 0*x = -43. What is the highest common factor of a and h?
7
Suppose 4*x = -5*q + 135, q - x + 108 = 5*q. Let d = -11 + q. Calculate the greatest common divisor of d and 144.
16
Let y(s) be the first derivative of -9*s**2/2 - s + 4. Let t be y(-1). Calculate the greatest common factor of 8 and t.
8
Suppose 0*z = z - 3*x + 7, 0 = -2*z - x + 14. What is the highest common divisor of 35 and z?
5
Let q be -5 + 11 - (2 - -2). Suppose j + 3*d - 25 = 0, -3*j = q*j + 3*d - 77. What is the highest common divisor of 26 and j?
13
Let n(o) = o**2 + 57. Let k be n(0). Let h = 87 - k. What is the highest common factor of h and 15?
15
Let x = 979 - 741. Let d(f) = -f**2 - 8*f - 1. Let b be d(-5). What is the highest common divisor of x and b?
14
Let h(t) be the third derivative of -181*t**4/24 + 2*t**3 + 6*t**2. Let y be h(-2). Calculate the greatest common divisor of 34 and y.
34
Let m be (-1 + -12 - 0)/((-28)/(-28)). Let d = m - -26. What is the highest common divisor of 104 and d?
13
Suppose 32*z + 3*l + 17 = 33*z, 4*l + 108 = 4*z. Suppose -15 - 625 = -4*s. What is the highest common factor of z and s?
32
Let u = 12 - 26. Let o = u + 11. Let g be 5*3 - 0/o. Calculate the greatest common factor of g and 60.
15
Let s be 12/3*65/20 + -6. Calculate the highest common factor of s and 35.
7
Let r be 952/72 - 13 - (-10861)/9. What is the greatest common divisor of 17 and r?
17
Let x(a) = a**2 + 32*a - 65. Let w be x(-34). What is the highest common factor of w and 3?
3
Let d(t) = -t**2 - 14*t - 48. Let l be d(-6). Suppose 3*h + 2*k = 46, -2*h + 2*k + l*k + 14 = 0. Calculate the greatest common divisor of h and 12.
12
Suppose -6*i = 5*i + 561. Let a = i + 78. What is the greatest common factor of a and 27?
27
Suppose -5*d = -n - 1550, 4*d + n + 2*n = 1221. Let w = -176 + d. Calculate the greatest common divisor of 19 and w.
19
Suppose 2*u - 5*k - 12 = 31, -3*u + k + 45 = 0. Suppose 0 = -2*d - 0 + 4. Calculate the highest common divisor of u and d.
2
Let w = -33 - -33. Let x = 19 - w. Let i(y) = -y**3 + y**2 - y + 38. Let m be i(0). Calculate the highest common divisor of m and x.
19
Let r be -1*(1 + (54/(-6) - 1)). Calculate the greatest common divisor of 27 and r.
9
Let v be 36*-3*(-5)/45. Let o be 2 - 3/6*-6. Suppose 4*x + 5*q - 293 = 0, v = q - o*q. What is the highest common factor of x and 11?
11
Suppose -o - 20 = -27. Suppose -o*s = -6*s - 24. What is the highest common factor of 3 and s?
3
Suppose -7*i + 17 = -11. Suppose -84 = -5*q - i*n, 27 = 2*q - 5*n - 0*n. What is the highest common divisor of 12 and q?
4
Let h be (-6*23/8)/((-7)/308). Calculate the greatest common divisor of 33 and h.
33
Suppose -7*v + 0 + 7 = 0. Suppose -3*s - v + 7 = 0. Let d be 134 + 1/(1/s). Calculate the greatest common factor of d and 17.
17
Suppose 0 = -4*i - 4*x + 148, 0 = -i - 47*x + 43*x + 52. Calculate the greatest common divisor of i and 5472.
32
Let k be ((-3)/(4 - 1))/(1/(-295)). What is the greatest common divisor of 10 and k?
5
Let q be (-3)/((-9)/(-60))*(-21)/6. Let w be (42/18)/7 + q/6. What is the highest common divisor of 60 and w?
12
Let x(c) = 2*c - 10. Let l be x(12). Suppose l = 2*p - 5*o - 0, -3*o - 42 = -4*p. Calculate the greatest common divisor of 132 and p.
12
Let f be (-1 + (-39)/(-6))/(21/378). Calculate the highest common factor of f and 36.
9
Let o = -9 + 13. Let d be o - (-9)/((-18)/(-88)). Let k(i) = i**3 + 3*i**2 - i. Let y be k(-2). Calculate the greatest common factor of d and y.
6
Suppose z - 53 = -14*r + 18*r, -3*r = z - 18. What is the highest common factor of 957 and z?
33
Suppose 5*n + 215 = -4*g + 3935, -3*g + 2*n + 2813 = 0. Calculate the highest common factor of g and 85.
85
Let y = 1038 - 398. What